)?
-127
Let r(t) = -43*t**3 - 16*t**2 + 24*t - 7. What is r(1)?
-42
Let b(w) = 2*w**2 + 92*w + 989. Determine b(-17).
3
Let h(k) = 2*k**3 + 5*k**2 + 47*k + 163. Determine h(-3).
13
Let p(q) = 19*q - 132. What is p(9)?
39
Let l(n) = n - 3. Calculate l(-4).
-7
Let w(c) = c**2 - 12*c - 147. Give w(-10).
73
Let t(y) = -316*y - 2265. Give t(-7).
-53
Let v(d) = 2*d**2 + 47*d + 76. What is v(-22)?
10
Let t(w) = -w**2 - 81*w - 1224. Determine t(-20).
-4
Let c(i) = i**3 + 159*i**2 + 1068*i + 609. Determine c(-152).
1
Let j(s) = -5*s**3 - 103*s**2 + 38*s - 83. What is j(-21)?
1
Let w(j) = -j**3 + 90*j**2 - 226*j + 4432. What is w(88)?
32
Let f(g) = 236*g + 1970. Calculate f(-8).
82
Let f(q) = q**3 + q**2 - 25*q - 72. Determine f(-4).
-20
Let y(p) = p**3 - 17*p**2 + 11*p + 39. Give y(9).
-510
Let l(v) = -v**2 + 355*v - 6077. Determine l(18).
-11
Let o(v) = 454*v - 1936. What is o(4)?
-120
Let r(k) = k**3 + 29*k**2 + 32*k - 9. What is r(-28)?
-121
Let h(c) = 18*c - 148. Determine h(7).
-22
Let l(k) = -2*k**3 + 87*k**2 + 58*k - 623. Give l(44).
-7
Let c(r) = 2269*r - 2282. What is c(1)?
-13
Let j(b) = -64*b**2 + 4*b - 5. Determine j(1).
-65
Let t(c) = 73*c - 6835. Give t(95).
100
Let p(s) = -110*s + 881. Determine p(8).
1
Let p(z) = -z**3 - 36*z**2 - 203*z - 15. What is p(-29)?
-15
Let v(w) = -w**2 - 65*w - 1037. What is v(-28)?
-1
Let t(o) = -146*o + 27. Determine t(2).
-265
Let q(o) = -o**2 + o + 100. Calculate q(-8).
28
Let d(p) = 21*p**2 + 124*p - 9. Determine d(-6).
3
Let l(x) = -x**3 - 14*x**2 - 46*x + 22. Give l(-8).
6
Let d(o) = o**2 - 10506*o + 52511. Give d(5).
6
Let v(u) = 41*u**2 - 20*u + 9. Give v(2).
133
Let n(t) = -3*t + 27. What is n(5)?
12
Let q(s) = -6*s**2 + 97*s - 264. Calculate q(3).
-27
Let l(s) = -217*s + 2118. Calculate l(9).
165
Let q(p) = -p**2 + 37*p + 322. Determine q(43).
64
Let o(h) = 167*h + 358. Determine o(-2).
24
Let m(p) = 28*p**2 + 422*p + 1. Calculate m(-15).
-29
Let r(c) = -c**3 - 52*c**2 + 687*c - 393. Determine r(-63).
-15
Let v(i) = -2594*i + 12959. Give v(5).
-11
Let f(d) = -2*d**2 + 15*d + 10. Calculate f(12).
-98
Let z(j) = j**3 - 171*j**2 - 147*j - 4330. Determine z(172).
-30
Let k(n) = 728*n**2 + 2183*n - 14. What is k(-3)?
-11
Let n(r) = -r**3 + 14*r**2 - 19*r + 94. Calculate n(13).
16
Let a(i) = i**3 + 14*i**2 + 42*i + 10. Give a(-9).
37
Let h(a) = 15*a**3 + 3*a**2 + 12*a - 14. Calculate h(1).
16
Let q(y) = 2*y**3 - 105*y**2 + 151*y + 106. Give q(51).
4
Let p(r) = -17*r + 341. Calculate p(17).
52
Let s(a) = 2*a**2 + 48*a - 598. Give s(-33).
-4
Let p(i) = 272*i + 1087. What is p(-4)?
-1
Let f(c) = 20*c**2 - 70*c - 2. What is f(4)?
38
Let q(f) = 66*f**2 + 1595*f - 1594. Give q(1).
67
Let g(x) = -237*x - 3822. Give g(-16).
-30
Let y(r) = -1570*r + 10996. Give y(7).
6
Let c(j) = -10*j**2 + 17*j + 98. Calculate c(-5).
-237
Let h(u) = -u**3 + 8*u**2 + 15*u + 60. Give h(10).
10
Let y(t) = 10*t**2 + 47*t - 5. Calculate y(-8).
259
Let w(q) = -252*q + 1249. Calculate w(5).
-11
Let r(v) = -415*v**3 + 3*v**2 + 8*v - 10. What is r(1)?
-414
Let z(n) = -n**3 + 30*n**2 + 32*n + 35. What is z(31)?
66
Let b(q) = 506*q - 6092. Determine b(12).
-20
Let r(d) = -114*d + 14012. Give r(123).
-10
Let z(v) = 35*v**3 - 6*v**2 + 18*v - 24. Give z(2).
268
Let i(y) = -430*y - 36550. Determine i(-85).
0
Let c(m) = 12*m + 297. Calculate c(-42).
-207
Let f(z) = -31*z + 5796. Determine f(187).
-1
Let q(j) = 3*j - 136. Give q(49).
11
Let u(n) = 2*n**2 - 102*n - 1418. Give u(-11).
-54
Let i(d) = -273*d + 2184. Give i(8).
0
Let g(i) = -i**3 - 16*i**2 + 60*i - 39. Calculate g(-19).
-96
Let g(n) = 581*n + 637. What is g(-1)?
56
Let m(v) = 2*v**2 - 4*v - 178. Give m(-9).
20
Let x(t) = -5*t**3 + 6*t**2 + 4*t + 18. What is x(4)?
-190
Let h(l) = 7*l**2 - 37*l + 22. Calculate h(5).
12
Let l(o) = 2*o + 46. Calculate l(-20).
6
Let a(p) = -p**3 - 11*p**2 + 134*p + 1463. Calculate a(-12).
-1
Let z(o) = -o**3 - 7*o**2 + 1626*o + 8182. Calculate z(-5).
2
Let j(i) = 11*i + 252. What is j(-13)?
109
Let w(r) = r**3 + 10*r**2 + 88*r + 875. What is w(-10)?
-5
Let c(m) = -6*m**2 + 166*m - 254. Give c(26).
6
Let o(x) = -35*x**2 + 1040*x - 744. Calculate o(29).
-19
Let p(r) = 549*r + 3781. What is p(-7)?
-62
Let y(h) = -17*h**2 - 139*h - 564. Give y(-4).
-280
Let y(x) = -x**3 + 4*x**2 + 16*x - 19. Calculate y(6).
5
Let k(q) = 758*q + 4939. Give k(-6).
391
Let c(i) = -2*i**2 + 97*i + 288. Determine c(-3).
-21
Let v(c) = -c**3 - 2*c**2 - 24*c - 179. Calculate v(-5).
16
Let w(a) = -35*a + 632. Give w(18).
2
Let l(x) = 2*x**2 - 62*x - 201. What is l(-3)?
3
Let l(q) = -2*q**2 - 147*q + 398. Determine l(-76).
18
Let i(c) = c**3 - 50*c**2 - 99*c - 239. Determine i(52).
21
Let h(y) = 100*y + 1998. What is h(-20)?
-2
Let b(i) = i**2 - 7*i - 30. Give b(-9).
114
Let o(s) = s**2 - 91*s + 699. What is o(9)?
-39
Let w(q) = -15*q - 145. Calculate w(-29).
290
Let d(r) = -r**3 - 30*r**2 + 155*r - 694. Give d(-35).
6
Let h(v) = -22*v**2 + 464*v - 27. Determine h(21).
15
Let i(d) = -d**3 + 84*d**2 - 609*d - 6. Determine i(76).
-82
Let j(r) = r**3 + 60*r**2 - 33*r + 1675. Calculate j(-61).
-33
Let l(h) = -h**2 + 9245*h - 92352. What is l(10)?
-2
Let u(z) = 462*z - 6475. Give u(14).
-7
Let h(j) = -59*j - 653. What is h(-11)?
-4
Let f(h) = 4*h**3 + 10*h**2 - 11*h - 14. Give f(-5).
-209
Let u(j) = 268*j - 10577. Give u(39).
-125
Let f(r) = 5*r**2 - 125*r - 21. Calculate f(26).
109
Let k(j) = j**3 + 158*j**2 + 620*j + 1029. Give k(-154).
413
Let d(j) = -j**3 - 28*j**2 - 181*j - 102. Give d(-9).
-12
Let l(f) = -f**3 + 44*f**2 - 56*f + 545. Calculate l(43).
-14
Let f(k) = 539*k - 1505. Calculate f(3).
112
Let b(n) = 6*n**2 + 11*n - 292. Determine b(-17).
1255
Let g(w) = 47*w - 1847. What is g(39)?
-14
Let i(g) = -88*g + 507. Determine i(6).
-21
Let j(f) = -3*f**2 + 4*f + 278. Determine j(-9).
-1
Let k(o) = o**2 + 46*o + 54. Give k(-45).
9
Let d(v) = -18*v**2 + 7*v + 16. Determine d(-2).
-70
Let i(f) = 12*f**2 + 178*f + 142. Determine i(-14).
2
Let v(i) = -46*i**3 - 3*i**2 + 6*i + 5. What is v(-2)?
349
Let a(u) = 179*u + 2312. What is a(-13)?
-15
Let p(n) = n**2 - 18*n + 88. Give p(8).
8
Let d(u) = -5*u**2 + 102*u - 394. Calculate d(9).
119
Let f(c) = -6*c - 103. Give f(-27).
59
Let b(d) = 1149*d - 2296. Determine b(2).
2
Let g(n) = 3*n**2 - 119*n - 519. Give g(-4).
5
Let r(b) = -b**3 + 27*b**2 - 45*b - 73. Determine r(25).
52
Let x(f) = -4*f**3 + 159*f**2 + 59*f - 762. Calculate x(40).
-2
Let f(v) = 33*v - 23. Determine f(3).
76
Let m(k) = k**3 - 5*k**2 + 19*k - 119. Calculate m(4).
-59
Let r(g) = -g**3 + 68*g**2 - 181*g - 916. What is r(65)?
-6
Let w(i) = 6*i**2 - 290*i - 1436. Calculate w(-5).
164
Let a(l) = 306*l**2 + 1523*l - 18. Determine a(-5).
17
Let r(b) = -2*b**3 - 306*b**2 - 7*b - 1125. Calculate r(-153).
-54
Let r(i) = 3011*i + 96370. Determine r(-32).
18
Let k(t) = -810*t - 813. What is k(-1)?
-3
Let h(n) = -39*n**2 + 186*n - 2. Determine h(4).
118
Let h(d) = -6*d**2 + 495*d - 280. What is h(82)?
-34
Let l(v) = 14*v**2 + 84*v - 641. Calculate l(7).
633
Let p(n) = 15*n**2 + 73*n + 87. Calculate p(-5).
97
Let h(b) = b**3 + 258*b**2 + 7806*b + 228. What is h(-223)?
5
Let x(j) = -10*j**2 - 82*j - 830. What is x(-11)?
-1138
Let x(a) = -a**3 + 18*a**2 - 71*a + 79. Calculate x(13).
1
Let j(c) = 199*c + 143. Calculate j(-1).
-56
Let a(v) = 30*v**3 + 148*v**2 - 29*v - 97. What is a(-5)?
-2
Let p(o) = -95*o - 284. Calculate p(-3).
1
Let z(r) = -56*r - 1410. Give z(-24).
-66
Let c(k) = 29*k**3 - 2*k**2 + 112*k - 225. What is c(2)?
223
Let x(k) = -2*k**2 + 143*k + 73. Give x(72).
1
Let k(q) = 222*q + 661. What is k(-3)?
-5
Let f(o) = -5*o**2 + 830*o - 777. What is f(165)?
48
Let a(f) = 350*f - 1395. What is a(4)?
5
Let d(f) = -f**3 + 10*f**2 + 20*f - 11. What is d(-4)?
133
Let q(n) = 5*n**2 - 24*n - 4. Calculate q(1).
-23
Let z(j) = j**2 - 35*j - 1776. Calculate z(-28).
-12
Let m(l) = l**2 - 213*l + 7924. Give m(165).
4
Let w(s) = 1006*s**2 + 20120*s - 3. What is w(-20)?
-3
Let z(n) = n**3 - 24*n**2 + 51*n - 115. Determine z(22).
39
Let o(q) = -1314*q + 5261. Determine o(4).
5
Let y(q) = 2*q**3 + 52*q**2 - 2*q + 89. Calculate y(-26).
141
Let x(f) = 28*f - 121. Calculate x(6).
47
Let f(m) = 4*m**2 - 3*m - 3. Determine f(6).
123
Let n(d) = -d**3 - 14*d**2 + 14*d - 18. Calculate n(-15).
-3